 and o.
7
Let y(g) = -27*g + 15. Let s be y(-5). What is the highest common factor of 60 and s?
30
Let u = -25 - -67. What is the greatest common factor of u and 28?
14
Let j(u) = -u - 5. Let z be j(-7). Calculate the greatest common factor of 2 and z.
2
Let l(w) = 0 + 0*w + 0 - 5 - 4*w. Let r be l(-8). What is the greatest common factor of 9 and r?
9
Let d be 0 + 3 + 0 + -1. Suppose 2*h + i = d*i + 35, 3 = -i. Suppose 0*x - h = -2*x. Calculate the highest common divisor of x and 8.
8
Let c(f) = -f**2 - 3*f - 2. Let r be c(-2). Let x = 14 - r. What is the highest common factor of 70 and x?
14
Let h be -6*(-1 + (-4)/(-6)). Suppose h*o - 500 = 4*y, 3*o + 228 = 3*y + 981. What is the greatest common divisor of o and 28?
28
Let z(g) = -15*g + 1. Let t be z(-3). Let x = t - 29. Let q be 2/(-3)*153/(-6). Calculate the highest common factor of x and q.
17
Let n be (20/(-25))/((-1)/(-20)). Let l = n - -23. What is the greatest common factor of 56 and l?
7
Let c be 1/(-5) - (-3108)/15. Calculate the greatest common divisor of c and 23.
23
Let m(i) = 2*i - 5. Let c be m(5). Suppose -12 = -c*u + 2*u. Let d be (-290)/(-8) - (-10)/(-40). Calculate the greatest common factor of u and d.
4
Suppose -3*c + 8*c + 5*g = 0, 2*c = -5*g. Suppose -5*u = b - 470, c = b - 1 + 6. What is the highest common factor of 38 and u?
19
Suppose n = 2*v + 60, -2*v + 288 = 5*n - 0*n. Let i be n/12 + 3/18. What is the greatest common factor of i and 40?
5
Suppose 2*t - 15 - 1 = 4*h, 0 = -t - 4*h + 2. Suppose 2*s - 4 = -g + t, g - s = 22. Calculate the greatest common divisor of 6 and g.
6
Suppose -d + 84 = 3*d. Let i = 30 - d. Calculate the highest common factor of i and 45.
9
Let w be -2 + 3 + 1 + 1. Suppose 0 = w*r - 4 - 5. What is the greatest common divisor of 12 and r?
3
Let w(k) = k - 4. Let g be w(9). What is the greatest common factor of g and 45?
5
Suppose -480 = -7*s - 3*s. What is the greatest common factor of 24 and s?
24
Let r = 150 + -86. Calculate the highest common factor of r and 8.
8
Let m = 52 - -5. What is the highest common divisor of 38 and m?
19
Let m = 3 - 2. Suppose u = m, -2*u = -3*v + 67 + 48. Calculate the highest common divisor of 13 and v.
13
Suppose -h + 92 = 3*h. Let r = h + -14. Calculate the highest common divisor of r and 27.
9
Let h = -30 - 10. Let i be (-1930)/h + 2/(-8). Calculate the highest common divisor of 16 and i.
16
Suppose -48 = -u - 2*u. Let l = 12 - 6. Let k = 8 - l. Calculate the highest common divisor of u and k.
2
Suppose -13*o - 25 = -337. Let a(y) = 2*y - 9. Let x be a(6). Let n be (1 + -3)*(-18)/x. What is the greatest common factor of n and o?
12
Suppose -3*s = a + 6 - 26, 2*s + 5 = a. Let p = 15 - 7. Let g = a - p. Calculate the highest common divisor of g and 3.
3
Let a = -96 - -106. Calculate the greatest common factor of 20 and a.
10
Let g(f) = f**3 - 13*f**2 + 13*f - 12. Let i be g(12). Suppose y - 4*a + 12 = i, -5*y - 2*a = -0*y - 50. What is the greatest common divisor of 20 and y?
4
Let r(j) = j**2 + 3*j - 3. Let o be r(-4). Suppose 0 = -4*n + s + 1 + 2, 3*s - 13 = n. Let k = o + n. What is the highest common factor of 27 and k?
3
Suppose 5*z - 192 = -62. Let t(c) = 2*c + 3. Let f be t(5). Calculate the greatest common factor of z and f.
13
Let l(r) = -r + 6. Let t be l(9). Let w be t + (-1)/((-2)/348). Calculate the highest common factor of 19 and w.
19
Let w(f) = f**2 + f - 4. Suppose -3*u - 5*h + 3*h = 7, -h - 2 = u. Let p be w(u). Calculate the highest common divisor of 10 and p.
2
Let b = 43 + -30. Calculate the greatest common factor of 117 and b.
13
Suppose 31 = 2*d - 69. Let s = -30 + d. What is the greatest common divisor of 30 and s?
10
Let h = 50 - 35. Suppose h = a - 0*a. Let t = -25 + 30. Calculate the highest common divisor of a and t.
5
Let v(h) be the second derivative of -h**5/20 + 5*h**4/12 + h**3/2 - h**2 + 7*h. Let b be v(5). Calculate the greatest common divisor of b and 65.
13
Suppose 0 = 4*b - 9*b + 55. What is the highest common factor of b and 11?
11
Suppose 6*l - 577 = 203. What is the highest common divisor of 26 and l?
26
Let s = -58 + 59. Calculate the greatest common divisor of s and 1.
1
Let u = -53 + 60. Calculate the greatest common divisor of u and 77.
7
Let o(u) = 13*u**3 - u**2 - u + 1. Let f be o(1). Suppose 6*h + 2 - 506 = 0. Calculate the highest common divisor of f and h.
12
Let q(z) = 4*z - 5. Let n be q(5). Let d = -3 + 1. Let m be 119 + (0/d - -1). What is the highest common factor of m and n?
15
Let z(y) = y**2 + 7*y + 3. Let u be z(-7). Suppose 5*d + 2*n = 3*n + 54, -34 = -u*d + n. Calculate the highest common factor of 20 and d.
10
Suppose 5*h - 11 = -1. Let z be (-16)/h + 6/3. Let p = 15 + z. Calculate the greatest common factor of p and 72.
9
Suppose -a - 2*a + 39 = 0. Calculate the greatest common divisor of 13 and a.
13
Let p(h) = 69*h + 2. Let i be p(2). Let q be 12/(-16)*i/(-1). Let y be q/25 - 2/10. Calculate the highest common factor of y and 10.
2
Suppose -3*r = -0*r - 558. Let m = r - 87. Suppose 2*h + 4*q = 14, -3*h + 46 = h - q. What is the highest common factor of h and m?
11
Suppose 0 = 2*k - 7 - 3. Suppose 2*s + k*l - 44 = 0, -3*s - 2*l + 89 = 2*s. What is the highest common factor of s and 68?
17
Suppose -5*p - 10 = -10*p. Let t(r) = r**2 + r + 10. Let b be 1/4 - 5/20. Let s be t(b). What is the highest common factor of p and s?
2
Suppose -33 = -2*c + 51. Suppose -4*p + 3 = n, 0*n - 4*n + c = p. What is the greatest common factor of 99 and n?
11
Let o(y) be the third derivative of y**6/120 + 11*y**5/60 - y**4/24 + 7*y**3/6 - 3*y**2. Let k be o(-11). Calculate the highest common divisor of k and 2.
2
Let v = 11 - 2. Let w be ((-8)/12)/((-2)/v). Suppose 2*t = -w*i + 99, -2*t - 3*i + 104 = i. What is the highest common factor of t and 21?
21
Suppose 3*i + 1119 = 5*q, -q - 3*i + 221 = -5*i. Calculate the greatest common divisor of 25 and q.
25
Suppose 2*g - c - 68 = 0, -2*g + 5*c = 2*g - 136. Calculate the highest common divisor of g and 17.
17
Suppose -h + 0*h = -5. Let q(n) be the first derivative of -9*n**2/2 - 3*n + 1. Let d be q(-2). Calculate the highest common divisor of h and d.
5
Let f be 3/7 - (-1220)/28. What is the greatest common divisor of 4 and f?
4
Suppose 10*j - 24 = 2*j. Calculate the greatest common divisor of 9 and j.
3
Let l be (-6)/(-4)*(-2 + 38)/2. Calculate the highest common factor of l and 270.
27
Let g = -24 + 34. Let r be 28/g - (-1)/5. Calculate the highest common factor of 12 and r.
3
Suppose 15 = -3*b, 8*b - 4*b = -5*f + 380. Calculate the highest common divisor of f and 5.
5
Let o be -2 - (1/(-5) - 2116/20). Suppose w - 39 = -2*w. Calculate the highest common factor of o and w.
13
Let b = 38 - 68. Let r = b - -85. What is the greatest common factor of r and 5?
5
Let h(b) = -21*b + 3. Let v be h(-2). Calculate the greatest common factor of v and 18.
9
Let g(y) = y - 2. Let n be g(4). Suppose -18 - 6 = -n*p. Suppose 0 = -6*z + 3*z + p, -5*s - 3*z = -282. Calculate the greatest common factor of s and 36.
18
Let x = 5 + 4. Calculate the greatest common factor of 18 and x.
9
Let n(i) = -i**3 - i**2 + i - 6. Let f be n(0). Let u be (f/8)/((-4)/64). Suppose u = m + m. Calculate the greatest common divisor of m and 36.
6
Let d(c) = c**3 - 5*c**2 - 6*c + 2. Let h be d(6). What is the greatest common factor of 22 and h?
2
Suppose -45 = -2*k - 33. What is the highest common divisor of k and 6?
6
Let u = 6 - 1. Suppose 0 = -3*h - 8 - 10. Let m be h/(-27) + 7/9. Calculate the greatest common divisor of m and u.
1
Let v = 35 - 23. Calculate the highest common factor of v and 24.
12
Let l(g) = g**3 - 7*g**2 + 7*g - 3. Let t be l(6). Suppose -5*j + t*p + 129 = 0, 4*j - 84 = j + 4*p. Calculate the greatest common factor of j and 16.
8
Let n(j) = j - 7 + 4 - 4*j - 6. Let m be n(-7). Calculate the greatest common factor of m and 6.
6
Suppose -48 = 2*x - 246. Let k be (-1 + 4)*(-6)/2. Let w = k + 20. Calculate the highest common divisor of x and w.
11
Let t = 13 + 6. Calculate the greatest common factor of t and 38.
19
Let t(o) = -o**3 + 8*o**2 - 2*o - 4. Let p be t(3). Calculate the highest common factor of p and 7.
7
Let v(a) = a**3 + 7*a**2 - 5*a - 4. Let l be v(-7). Calculate the greatest common factor of 31 and l.
31
Suppose -2*a = 3*u - 1